 = -2*d(c) + 5*w(c). Let b = -99 - -139. Let t = b - 33. Calculate k(t).
0
Suppose -12*h = -13 - 23. Let b(w) = -3*w**2 - w**2 - 4 + 6*w - 5*w**h + 4*w**3. Give b(-5).
-9
Let c(h) = -2 + 5*h + h**3 - 4*h - 2*h - 2*h**2. Suppose -15 = 6*f - 11*f. Determine c(f).
4
Let z(s) = 5 - 4*s + 2*s + s. Suppose -2*d + 49 = 3*k, 3*k + 111 - 40 = 4*d. Let n = d + -15. Give z(n).
0
Let d = 25 - 26. Let o(t) = -t**3 - t**2 + 1. Let r(u) = 5*u**3 + 10*u**2 - 4*u - 3. Let j(q) = d*r(q) - 6*o(q). Calculate j(3).
0
Let p(o) = 8*o**3 - 4*o + 11. Let n(h) = 6*h**3 - 3*h + 9. Let w(l) = -5*n(l) + 4*p(l). What is w(-1)?
-2
Let p(k) be the third derivative of -k**6/120 + 2*k**5/15 - k**4/12 + 2*k**3 - 19*k**2 + 3. Give p(8).
-4
Let d be (-4 + 2 + 2)/(-1). Suppose h - 5 = -d*h. Let s(c) = 3*c - c - c**3 - c + c**2 + 3*c**2 + 7. What is s(h)?
-13
Let v be 4 + -1 - (1 + 1). Let i be (-4 - 1)*v*1. Let g(z) = 2*z**2 + 4*z**2 + 4*z + z**3 - 1 + 0. Determine g(i).
4
Let j(i) = -2*i**2 + 10 - 3 + 5*i + 29*i + 0*i**2 + 16. Give j(18).
-13
Let z be 9*(6 - (-140)/(-21)). Let p(k) = 3*k + 8. Calculate p(z).
-10
Let n = 32 + -11. Let j(x) = -n - 6*x + 8 + 2*x + 5*x. Determine j(7).
-6
Let l = -342 + 350. Let w(y) = 2*y - 9. What is w(l)?
7
Suppose -22*k + 69 = 89*k - 42. Let i(c) = 2 - 1 - 11*c + c. Give i(k).
-9
Suppose u + 6 = -0*m + m, -m - 15 = 2*u. Let j(v) be the second derivative of -v**5/20 - 2*v**4/3 - 4*v**3/3 - v**2 + 3*v + 9. Calculate j(u).
5
Let u(k) = -k**3 + 2*k + 1. Let x(l) be the third derivative of -l**5/30 + l**4/3 - l**3/6 - 5*l**2. Let y be x(4). Calculate u(y).
0
Let k be (-11)/(-2) - (-6)/12. Let h(b) = -3*b + 3. Let x be (-3 + -1 - -5)*-3. Let t(v) = -v + 1. Let p(g) = x*h(g) + 6*t(g). Give p(k).
15
Let p(n) = -13*n - 73. Let o(q) = -3*q - 18. Suppose -13 = -4*d + 23. Let w(a) = d*o(a) - 2*p(a). Give w(-12).
-4
Let q be 28/(-6)*(3 + (-15)/10). Let i(t) = t**2 + 8*t + 15. Give i(q).
8
Let f = 0 - 2. Let l(m) = 4*m**3 - 14*m**2 - 4*m + 2. Let d(n) = n**3 - 2*n**2 - n. Let q(h) = 6*d(h) - l(h). Give q(f).
-6
Suppose 25 = -7*v - 31. Let w(h) = -4*h**3 - 6*h**2 - 9*h - 4. Let g(k) = 1 + 18*k**2 + 4 + 11*k**3 + 6 + 26*k. Let j(b) = v*w(b) - 3*g(b). Calculate j(-5).
4
Let z(w) = 8*w - 1. Let m(g) = g**2 + 9*g + 17. Let r be m(-7). Suppose 3*p = -y - 11, -2*y + p + 9 = r*y. Give z(y).
7
Let s(d) = d**3 + 6*d**2 - 4*d - 5. Suppose -2*i + 141 - 155 = 0. Calculate s(i).
-26
Let n(c) = 4*c**3 + c + 1. Suppose 5 = -17*p - 12. What is n(p)?
-4
Let k = -2 + 8. Let q(b) = 3*b**2 - 7*b + 2. Let p be -4 + (3 + -2)*6. Let f(s) = 7*s**2 - 15*s + 3. Let t(i) = p*f(i) - 5*q(i). Determine t(k).
-10
Let x(q) = -7*q + 60. Let m be (-9)/(-108)*-9*-12. Determine x(m).
-3
Let c(m) = 12 - 5 + m**2 - 4*m**2 - m - 6. Let h(q) = -q**2 - 2*q + 5. Let l be h(-4). Let y = -5 - l. Give c(y).
-9
Let u(p) = p**2 - 3*p + 1. Suppose 11*q = -2*m + 15*q + 24, 0 = -5*m - 2*q. Determine u(m).
-1
Let p(j) = -3 + 101*j**2 + 112*j**2 - 212*j**2 + 7*j. Give p(-7).
-3
Let k(p) = -3 + 9 - 2*p - 2. Let q = -756 + 761. Determine k(q).
-6
Let x(z) be the second derivative of z**3/6 + z**2 - 2*z + 6. Calculate x(-5).
-3
Let j(u) = 2*u**2 + 2*u - 6. Let y be j(-3). Let s(p) = -23 + 14 + p + 10. Give s(y).
7
Let h(a) be the second derivative of 1/2*a**2 - 2/3*a**3 - 1/12*a**4 + 12*a + 0. Calculate h(-4).
1
Let u = 22 - 20. Let l(n) = 222*n**u - 223*n**2 + 6*n - 6 - 1. Calculate l(7).
-14
Let n(i) be the first derivative of i**4/4 - 8*i**3/3 + 4*i**2 - 3*i - 53. Let b be ((-6)/24)/(1/(-28)). Give n(b).
4
Let q(k) = k**3 - 3*k**2 - 2. Let l be q(3). Let h(o) be the second derivative of -22*o + 0 - 1/3*o**4 - o**2 - 1/3*o**3. Calculate h(l).
-14
Let p(k) = -k**2 - 9*k - 7. Let t be p(-8). Suppose 5 + t = 2*d. Let z(o) = 5*o + o**2 + 1 - 3 - d. Determine z(-5).
-5
Let s = -9 + 15. Let c = s + -4. Let x(b) = 3*b + b + c*b - 8*b. Give x(-2).
4
Let u(g) = -g**3 - g**2 - g + 1. Let v(h) = 7*h**3 - h**2 + 6*h - 5. Let f(n) = 6*u(n) + v(n). Determine f(7).
1
Let p(v) be the first derivative of -v**2/2 - 3*v + 1. Let h(k) = 3*k**2 - k + 1. Let l be h(1). Suppose -3*s = -5*a - 37, l*a = s + s - 23. What is p(a)?
2
Suppose 0 = -4*d - 13 - 3. Let i(l) = -l**3 + 5*l**2 - 3*l + 1. Let g(v) = 2*v**3 - 2*v**2 - v - 1. Let y(k) = g(k) + i(k). What is y(d)?
0
Let l(k) = k. Let t(c) = 2*c + 55. Let b be t(-30). Calculate l(b).
-5
Let v(w) = 41*w + 2*w**2 - 44*w - 6*w**2 - 6 - 2*w**3 + 3*w**3. What is v(5)?
4
Let t(v) = -v**3 + 3*v**2 - v + 1. Let g = -201 + 203. Calculate t(g).
3
Let b(q) = -2*q + 36. Let o be b(16). Let k(d) be the second derivative of 2*d**3/3 - 3*d**2 + 5*d. Determine k(o).
10
Let g(c) be the second derivative of -c**6/720 + c**5/24 - 5*c**4/4 + 17*c. Let x(i) be the third derivative of g(i). Let p be 10/(-3)*6/(-4). Determine x(p).
0
Let f(r) be the first derivative of r**3/3 - 4*r**2 + 6*r + 61. Determine f(8).
6
Let r(x) be the first derivative of x**2/2 - 7*x + 3. Let i = -1 - -3. Suppose -24 = -2*t - i*t. Give r(t).
-1
Let d(q) = 10*q - 3*q - 1 + 2. Suppose 4*s + 3*c - 5 = 0, 7 = 3*s - c - 0. Suppose -s = 4*y - 2*y. Give d(y).
-6
Suppose -2*h + k = 21, -3*k - 25 = 11*h - 6*h. Let y(t) = -t**2 - 9*t + 5. What is y(h)?
13
Let f(x) = 8*x**2 - 239 - 2*x + 5*x + 228 - x**3. Give f(8).
13
Suppose -i = 4*s - 4, -4*s = 2*i - 5*s + 1. Suppose 4*c - 8 = -i*c. Let l(q) = -7*q**c - q**3 - 9*q + 3 - 4 + 3*q. Determine l(-6).
-1
Let n(f) be the second derivative of f**4/12 - 3*f**3/2 + 5*f**2 - 234*f. Give n(7).
-4
Let q(u) = -2*u + 2. Let k(g) = 5*g - 6. Let r(a) = -3*k(a) - 8*q(a). Suppose -5*l + 4*v - 10 = 10, -2*v + 10 = 0. Give r(l).
2
Let s be 2 + 7 + -3 - 1. Suppose 0 = -s*m - k - 2 + 18, 15 = 4*m + 3*k. Let o(j) = -4*j. Give o(m).
-12
Let q(d) = -d**3 + 6*d**2 + 9*d - 2. Let m(k) be the second derivative of k**4/12 + k**3/6 + 27*k. Let v(g) = 4*m(g) - q(g). Calculate v(3).
-4
Suppose -32 = -2*w - 2*w. Suppose 3*k + w = -k. Let f(j) = -j**2 + 18*j + 6. Let x(i) = -i**2 + 5*i + 1. Let y(g) = -f(g) + 3*x(g). Calculate y(k).
-5
Let o(p) = -p**3 - 3*p**2 + 11*p + 11. Let r(f) = -4*f**3 + 66*f**2 - 33*f + 11. Let t be r(16). Determine o(t).
6
Let z(p) = -p**2 + 6*p - 3. Let x = -37 + 35. Let c be (4 + x)*10/5. Calculate z(c).
5
Let r(f) be the second derivative of -38*f + 0*f**4 - 1/20*f**5 + 0 + 0*f**3 - f**2. Determine r(-2).
6
Let q(a) = a**2 + 5*a - 4. Let g be (-1 - 0)*-2 - (30 - 23). Calculate q(g).
-4
Let v(j) = j + 152*j**2 + 0*j - 12 + 3*j - 74*j**2 - 77*j**2. Determine v(-7).
9
Suppose 17 = 4*a + 1. Let u = -73 - -76. Suppose 7*t - u = a*t. Let g(h) = 4*h + 1. Determine g(t).
5
Let c = -96 - -89. Let g(z) = 2*z**2 + 9*z - 8. Calculate g(c).
27
Let u(z) = -z**2 - z. Let w = -67 + 69. Suppose 3*o = w*a - 6, -4*o = -a - 0*o + 13. Calculate u(a).
-6
Let d(f) = -f**2 - 15*f + 14. Let u be d(-15). Let v = u + -7. Let l(s) = 13 - v*s - 14 + 3*s. What is l(1)?
-5
Let c be (-1)/2 + 9/(-2). Let l(u) = -7*u - u**2 - u**2 - 134 + 125 + 7. What is l(c)?
-17
Let y(w) = 3*w**3 + 2*w**2 + 9*w - 8. Let x(h) = h**3 - h**2. Let d(j) = -4*x(j) + y(j). Calculate d(7).
6
Let n(s) = 2*s**3 + 4*s**2 - s - 15. Let o(t) = -3*t**3 - 6*t**2 + t + 23. Let b(j) = -8*n(j) - 5*o(j). Give b(-3).
5
Let y(d) = d**2 - 5*d + 10. Let c be y(8). Let v = 36 - c. Let r(a) = 2*a**2. Determine r(v).
8
Let u(j) = -2*j - 3. Suppose -2746*k - 8 = -2748*k. Give u(k).
-11
Suppose 0 = -4*o - o + 10. Let m(v) = -v**3 - 4*v - 3*v**2 + v - 15 + 2 - 6*v**o. What is m(-9)?
14
Let z(d) = 6*d - 17. Let i be z(0). Let y = -11 - i. Let w(g) = 0*g**2 + 7*g - 2*g**2 + g**2. Determine w(y).
6
Let p = 563 + -553. Let a(q) = -q + 23. Calculate a(p).
13
Let w(c) = 17*c**3 - 9*c**2 + 30*c + 21. Let z(l) = 4*l**3 - 2*l**2 + 7*l + 5. Let d(v) = -2*w(v) + 9*z(v). Determine d(-2).
-19
Suppose 0 = -6*t + 15*t - 351. Suppose 35*n - 36 = t*n. Let y(s) = -s**2 - 9*s + 8. Give y(n).
8
Let b(x) be the first derivative of -16 + 0*x + 1/2*x**2. What is b(-1)?
-1
Let t(f) = -f**2 - 12*f - 14. Let u(k) = 3*k - 27. Let c be u(11). Suppose 2*q + c*a - a = -27, 5*a + 38 = -3*q. What is t(q)?
-3
Let w(s) = -3*s + 3 + 6*s - 1. Let a(u) = -3*u - 2. Let h(t) = -12*t + 31. Let j be h(3). Let n(l) = j*a(l) - 4*w(l). Calculate n(-2).
-4
Let j(d) = d**3 + 8*d**2 - d - 7. Let f be j(-8). Let